 = 2*l, 3*t + z*l = 191 + 31. Calculate the greatest common divisor of 8 and t.
8
Let l(j) be the second derivative of j**4/12 + 7*j**3/3 - 3*j**2 + 8*j. Let f be l(-13). Let q = f + 28. What is the greatest common divisor of q and 9?
9
Let u(i) = -i - 12. Let m be u(-13). What is the highest common divisor of m and 2?
1
Let o = 10 + -138. Let b be (-6)/(-27) - 2/9 - o. What is the highest common factor of 16 and b?
16
Suppose f = 2*f - 4*x - 33, 0 = 3*x + 15. Suppose 0 = m + f - 14. What is the greatest common factor of 11 and m?
1
Suppose -4*q - 2*o = -3266, 2*o + 1085 = 5*q - 3020. What is the highest common factor of 63 and q?
63
Let t(v) = v**3 + 3*v**2 - 2*v - 3. Let k be t(-5). Let s = k - -58. What is the highest common factor of 165 and s?
15
Let w = 123 + -87. Suppose p + w = 3*p. Calculate the highest common divisor of 18 and p.
18
Suppose 0 = -160*d + 114*d + 3864. What is the highest common factor of d and 644?
28
Let b(r) = r**3 - 3*r**2 + 3*r - 2. Let f be b(2). Suppose 5*w = -f*w + 1030. Let g be (-10)/(-40) + w/8. What is the highest common divisor of 130 and g?
26
Suppose 343 = 12*a + 43. Let b = a - -23. Suppose 0 = -5*u - 4*n + n + 57, 3*u = -4*n + 32. What is the greatest common divisor of b and u?
12
Let s(k) = -3*k**3 + 28*k**2 + 2*k + 1. Let t be s(8). Calculate the highest common divisor of t and 63.
21
Let f(j) = -j**2 - 14*j - 6. Let r be f(-6). Suppose -5*z + 3*k = -185, -z - k + 37 = 4*k. Let u = -16 + z. What is the highest common divisor of u and r?
21
Suppose 2*i - 24 = 6*i. Let h(p) = 2*p**2 + p - 3. Let b be h(i). Calculate the highest common factor of b and 9.
9
Suppose -25*d = -35*d + 2430. What is the greatest common divisor of 3 and d?
3
Let o(w) = -2*w + 3. Let b(h) = -h**3 + 13*h**2 - 13*h + 11. Let j be b(12). Let g be o(j). Calculate the greatest common factor of 10 and g.
5
Let n = 163 + 165. What is the greatest common divisor of 8 and n?
8
Let k be (-32)/112 + 60/14. Suppose -7*b + k*i + 370 = -2*b, 5*i + 95 = b. Let l be ((-32)/20)/((-2)/35). What is the greatest common divisor of b and l?
14
Suppose 451*o - 452*o = -224. Calculate the highest common factor of 1456 and o.
112
Suppose -4*i = 0, 26 = 3*m - 5*i - 34. What is the greatest common divisor of 140 and m?
20
Let m be (5/(-1))/20*4*-290. Calculate the highest common divisor of m and 15.
5
Suppose 15 = -3*y + 39. Let a = y + 17. What is the greatest common factor of 275 and a?
25
Suppose -8*f + 8 = -32. Let l be ((-4)/f)/((-1)/30). Calculate the greatest common divisor of l and 48.
24
Suppose 8 = 4*x, -3*t - 2*t = 2*x - 1889. Calculate the highest common factor of 29 and t.
29
Let f = -644 - -710. Calculate the highest common divisor of 96 and f.
6
Let q(b) = -b**3 + 8*b**2 - 4*b + 11. Let j be q(8). Let g be ((234/4)/9)/(2/12). Let v = j + g. Calculate the highest common divisor of 27 and v.
9
Let i(o) be the second derivative of -o**4/12 - 5*o**3/6 + 4*o**2 + 2*o. Let y be i(-8). Let p = y + 17. Calculate the greatest common factor of 2 and p.
1
Suppose 3*n = -4*t + 2292, 5*n = 3*t - 1722 - 26. What is the highest common factor of 72 and t?
72
Let x(r) = -r + 17. Let j be x(7). Let y = j - 14. Let o be (-3 - y)*1*30. Calculate the greatest common factor of 10 and o.
10
Let h(f) = -40*f + 682. Let j be h(16). Calculate the greatest common divisor of 1344 and j.
42
Let l(c) = 32*c + 10. Let g be l(10). Let d be (20/2 - 1)/((-24)/(-80)). Calculate the highest common factor of g and d.
30
Let l be 0 + -7 + (-3 + 5 - 2). Let w(i) = -9*i - 25. Let c be w(l). Calculate the highest common divisor of c and 266.
38
Let s(t) = t**3 + 2*t - 1 + 3 - 3*t**2 - 1. Let i be s(2). What is the highest common divisor of 9 and i?
1
Let q(n) = 2*n**2 + 10*n + 6. Let k be q(-6). Let d(j) = -j**3 + 11*j**2 - 7*j - 93. Let b be d(7). What is the highest common factor of k and b?
18
Let s = 1383 + -1346. Calculate the highest common factor of 1961 and s.
37
Let p be 5*1*112/5. Let b be ((-416)/p)/((-2)/14). Let x(q) = q**3 + 9*q**2 + 2*q + 8. Let k be x(-6). What is the greatest common divisor of b and k?
26
Suppose 0 = 20*w - 15*w - 60. Let m = w + 1. Calculate the greatest common divisor of m and 221.
13
Let i = 70 - 181. Let r = i + 315. Calculate the highest common divisor of 34 and r.
34
Let l = 340 - 307. Calculate the greatest common factor of l and 77.
11
Let a = 55 + -18. What is the greatest common factor of 296 and a?
37
Let i = 31 - 35. Let n be -8*i/16*2. Suppose 0 = -4*x - 20, 2*g - 60 = 5*x - 23. Calculate the highest common factor of n and g.
2
Suppose -3*j - 420 = -7*j. Calculate the greatest common factor of 45 and j.
15
Let b(c) = -c**2 - 24*c - 139. Let n be b(-12). Let p(y) = y**3 + 5*y**2 - 6*y - 5. Let u be p(-5). Calculate the highest common divisor of u and n.
5
Suppose 5*u - 134 = -2*k, u - 30 = 5*k - 14. What is the greatest common divisor of u and 208?
26
Suppose -179 = -5*d + 2*d + 4*o, 0 = -o - 2. Let q = -33 + d. Calculate the greatest common divisor of q and 60.
12
Let b = 113 + -77. Suppose 0 = -w + 4*a + b, w + 3*a - 28 = 1. Let d = -1148 - -1164. What is the greatest common factor of d and w?
16
Let k(p) = 7*p**2 - 3*p + 2. Let j be k(2). Suppose 0 = 2*w + w - j. Suppose -11 - 61 = -9*y. What is the greatest common divisor of w and y?
8
Let j be 6 - ((-16)/(-12))/((-6)/9). Suppose 2 = -j*w + 10*w. Suppose 2*u = -u + 15. Calculate the greatest common factor of w and u.
1
Let h(b) = b**3 + 15*b**2 + 9. Let p(y) = y**2 - 1. Let c(t) = h(t) + 6*p(t). Let f be c(-21). What is the greatest common factor of f and 2?
1
Let j = 227 + -211. What is the highest common factor of 368 and j?
16
Let n be (-96)/(-9) - 4/6. Suppose 4*x = -3*x + 280. Calculate the greatest common divisor of n and x.
10
Let y = -1389 - -2120. What is the greatest common divisor of 129 and y?
43
Let f(y) = y**2 - 52*y - 9. Let c be f(53). Calculate the greatest common divisor of c and 506.
22
Suppose -15 + 3 = 3*h. Let j(k) = -11*k - 9. Let y be j(h). Calculate the highest common factor of y and 14.
7
Let u = -32 - -59. Let d(v) = -3*v - 8. Let a be d(-7). Let q(c) = c**3 - 14*c**2 + 13*c + 3. Let h be q(a). Calculate the highest common factor of u and h.
3
Let w be 1 + 185/3 - (-1)/3. Suppose -3*a - 3 = -15. Suppose 16 = a*j - 20. Calculate the highest common factor of j and w.
9
Let u(j) = 5*j**2 - 12*j + 5. Let b be u(3). Calculate the highest common factor of 63 and b.
7
Suppose 5 + 13 = 6*t. Suppose 0*w = t*w - 3*l - 24, -4*l = 2*w - 16. Let f be 1 + 2/(-2) - -24. What is the greatest common factor of f and w?
8
Suppose -q = -4, 0 - 2 = -2*n + q. What is the greatest common factor of n and 6?
3
Suppose -1632 = -i - 15*i. Calculate the highest common divisor of 6 and i.
6
Suppose 0 = -y + 2*y. Suppose y = 3*o - 68 - 202. What is the highest common divisor of o and 10?
10
Let x(r) = -6*r**3 - 4*r**2 - 3*r - 2. Let q(h) = h**2 - 8*h + 10. Let m be q(6). Let b be x(m). Calculate the greatest common factor of 24 and b.
12
Let c be (-6)/(-3) + 5 + 2. What is the greatest common factor of c and 33?
3
Suppose 127 = j + 14*o - 18*o, 4*j - 5*o = 563. Calculate the highest common factor of j and 42.
21
Let z(j) = -26*j + 26. Let h be z(14). Let q be (h/39)/(2/(-6)). What is the greatest common factor of 39 and q?
13
Let o(n) = -60 + 66 + 2*n**2 + 0*n - 3*n. Let v be o(4). What is the highest common divisor of 13 and v?
13
Let r(y) = -y**3 + 28*y**2 - 49*y - 30. Let g be r(26). Calculate the greatest common divisor of g and 2688.
48
Let b = 203 + -126. Let t = 15 + -8. Calculate the highest common divisor of b and t.
7
Suppose 5*k + 2*k = 7. Let f be (-21*k)/(0 - 3). Let z be (-2)/(-8) + 3/4. What is the highest common divisor of z and f?
1
Suppose 35 = 4*j + 5*h - 2*h, 2*h - 15 = -j. Suppose -2*y + 123 = -3*l, -5*y + j*l + 295 = -0*y. What is the highest common divisor of 81 and y?
27
Suppose g - 3*g + 4*h = -34, -5*g + 2*h = -45. Let l(c) = 2*c**2 - 6*c - 17. Let d be l(g). Let p = 81 - d. Calculate the highest common factor of 6 and p.
6
Suppose -3*v = 4*d - 2044, -5597 = -5*v + d - 2175. What is the highest common divisor of v and 19?
19
Suppose -2*f + 6 = 4, 4*t = f + 31. Calculate the greatest common factor of 104 and t.
8
Let v(r) = -7*r**3 - r. Let z be v(1). Le